{"id":38,"date":"2023-02-01T11:00:25","date_gmt":"2023-02-01T10:00:25","guid":{"rendered":"https:\/\/dmlt.beisonja.de\/?page_id=38"},"modified":"2023-08-03T12:06:17","modified_gmt":"2023-08-03T10:06:17","slug":"methodology","status":"publish","type":"page","link":"https:\/\/dmlt.beisonja.de\/?page_id=38&lang=en","title":{"rendered":"Methodology"},"content":{"rendered":"\t\t<div data-elementor-type=\"wp-page\" data-elementor-id=\"38\" class=\"elementor elementor-38\">\n\t\t\t\t\t\t<section class=\"elementor-section elementor-top-section elementor-element elementor-element-3697bea elementor-section-boxed elementor-section-height-default elementor-section-height-default\" data-id=\"3697bea\" data-element_type=\"section\">\n\t\t\t\t\t\t<div class=\"elementor-container elementor-column-gap-default\">\n\t\t\t\t\t<div class=\"elementor-column elementor-col-100 elementor-top-column elementor-element elementor-element-d12f646\" data-id=\"d12f646\" data-element_type=\"column\">\n\t\t\t<div class=\"elementor-widget-wrap elementor-element-populated\">\n\t\t\t\t\t\t<div class=\"elementor-element elementor-element-1519b3e elementor-widget elementor-widget-heading\" data-id=\"1519b3e\" data-element_type=\"widget\" data-widget_type=\"heading.default\">\n\t\t\t\t\t<h1 class=\"elementor-heading-title elementor-size-default\">Idea and method<\/h1>\t\t\t\t<\/div>\n\t\t\t\t<div class=\"elementor-element elementor-element-da5f9ba elementor-widget elementor-widget-heading\" data-id=\"da5f9ba\" data-element_type=\"widget\" data-widget_type=\"heading.default\">\n\t\t\t\t\t<h2 class=\"elementor-heading-title elementor-size-default\">Who is responsible for Digital Mental Load Test?<\/h2>\t\t\t\t<\/div>\n\t\t\t\t<div class=\"elementor-element elementor-element-b0e4943 elementor-align-left elementor-icon-list--layout-traditional elementor-list-item-link-full_width elementor-widget elementor-widget-icon-list\" data-id=\"b0e4943\" data-element_type=\"widget\" data-widget_type=\"icon-list.default\">\n\t\t\t\t\t\t\t<ul class=\"elementor-icon-list-items\">\n\t\t\t\t\t\t\t<li class=\"elementor-icon-list-item\">\n\t\t\t\t\t\t\t\t\t\t\t<a href=\"https:\/\/joluecke.de\" target=\"_blank\">\n\n\t\t\t\t\t\t\t\t\t\t\t<span class=\"elementor-icon-list-text\">Idea and concept: Jo L\u00fccke (joluecke.de)<\/span>\n\t\t\t\t\t\t\t\t\t\t\t<\/a>\n\t\t\t\t\t\t\t\t\t<\/li>\n\t\t\t\t\t\t\t\t<li class=\"elementor-icon-list-item\">\n\t\t\t\t\t\t\t\t\t\t\t<a href=\"https:\/\/equalcareday.de\" target=\"_blank\">\n\n\t\t\t\t\t\t\t\t\t\t\t<span class=\"elementor-icon-list-text\">&nbsp; & Initiative Equal Care Day (equalcareday.de)<\/span>\n\t\t\t\t\t\t\t\t\t\t\t<\/a>\n\t\t\t\t\t\t\t\t\t<\/li>\n\t\t\t\t\t\t\t\t<li class=\"elementor-icon-list-item\">\n\t\t\t\t\t\t\t\t\t\t\t<a href=\"https:\/\/till-lassmann.de\" target=\"_blank\">\n\n\t\t\t\t\t\t\t\t\t\t\t<span class=\"elementor-icon-list-text\">Illustration: Till La\u00dfmann (till-lassmann.de)<\/span>\n\t\t\t\t\t\t\t\t\t\t\t<\/a>\n\t\t\t\t\t\t\t\t\t<\/li>\n\t\t\t\t\t\t\t\t<li class=\"elementor-icon-list-item\">\n\t\t\t\t\t\t\t\t\t\t\t<a href=\"https:\/\/beiSonja.de\" target=\"_blank\">\n\n\t\t\t\t\t\t\t\t\t\t\t<span class=\"elementor-icon-list-text\">Digital realisation: Sonja Gro\u00dfewinkelmann (beiSonja.de)<\/span>\n\t\t\t\t\t\t\t\t\t\t\t<\/a>\n\t\t\t\t\t\t\t\t\t<\/li>\n\t\t\t\t\t\t\t\t<li class=\"elementor-icon-list-item\">\n\t\t\t\t\t\t\t\t\t\t\t<a href=\"https:\/\/klischeesc.de\/\" target=\"_blank\">\n\n\t\t\t\t\t\t\t\t\t\t\t<span class=\"elementor-icon-list-text\">Publisher: klische*esc e.V. (klischeesc.de)<\/span>\n\t\t\t\t\t\t\t\t\t\t\t<\/a>\n\t\t\t\t\t\t\t\t\t<\/li>\n\t\t\t\t\t\t<\/ul>\n\t\t\t\t\t\t<\/div>\n\t\t\t\t<div class=\"elementor-element elementor-element-f31be57 elementor-widget elementor-widget-heading\" data-id=\"f31be57\" data-element_type=\"widget\" data-widget_type=\"heading.default\">\n\t\t\t\t\t<h2 class=\"elementor-heading-title elementor-size-default\">How does the scoring work?<\/h2>\t\t\t\t<\/div>\n\t\t\t\t<div class=\"elementor-element elementor-element-7134e02 elementor-widget elementor-widget-text-editor\" data-id=\"7134e02\" data-element_type=\"widget\" data-widget_type=\"text-editor.default\">\n\t\t\t\t\t\t\t\t\tThe tasks listed are weighted according to the frequency with which they need to be performed. Four points are awarded for tasks to be performed daily or more frequently. For weekly tasks, three points are awarded. For monthly tasks, two points are awarded. For annual tasks, one point is awarded.\nThe subdivision into &#8220;Do I&#8221; and &#8220;Remember I&#8221; is done in order to map the mental load, i.e. the cognitive care work that takes place in the head, as well.\t\t\t\t\t\t\t\t<\/div>\n\t\t\t\t<div class=\"elementor-element elementor-element-2625dc0 elementor-widget elementor-widget-heading\" data-id=\"2625dc0\" data-element_type=\"widget\" data-widget_type=\"heading.default\">\n\t\t\t\t\t<h2 class=\"elementor-heading-title elementor-size-default\">What is Mental load?<\/h2>\t\t\t\t<\/div>\n\t\t\t\t<div class=\"elementor-element elementor-element-ac24b21 elementor-widget elementor-widget-text-editor\" data-id=\"ac24b21\" data-element_type=\"widget\" data-widget_type=\"text-editor.default\">\n\t\t\t\t\t\t\t\t\tMental load refers to the burden of the everyday, invisible responsibilities of organizing household and family in the private sphere, coordinating and mediating in teams in the professional context, and maintaining relationships and absorbing the needs and sensitivities of everyone involved in both spheres (<a href=\"https:\/\/equalcareday.de\/mental-load\" target=\"_blank\" rel=\"noopener\">equalcareday.de\/mental-load<\/a>). For example: The person who brings a child to the pediatrician&#8217;s appointment is doing care work and helping out. The mental load, however, is borne by the person who, in addition, has researched the doctor and address, has found out about and decided on childhood vaccinations, has reminded the child of the appointment, has made it without it conflicting with other appointments, knows where the vaccination card is and that the child needs an excuse for school swimming the following day. Mental load is cognitive care work.\t\t\t\t\t\t\t\t<\/div>\n\t\t\t\t<div class=\"elementor-element elementor-element-277abd9 elementor-widget elementor-widget-heading\" data-id=\"277abd9\" data-element_type=\"widget\" data-widget_type=\"heading.default\">\n\t\t\t\t\t<h2 class=\"elementor-heading-title elementor-size-default\">What is care work?<\/h2>\t\t\t\t<\/div>\n\t\t\t\t<div class=\"elementor-element elementor-element-b9a23dd elementor-widget elementor-widget-text-editor\" data-id=\"b9a23dd\" data-element_type=\"widget\" data-widget_type=\"text-editor.default\">\n\t\t\t\t\t\t\t\t\t&#8220;Care work describes the unpaid and paid (re-)productive activities of caring and looking after others. Care work begins with the care of newborns and childbearing, extends to the upbringing, education and care of children, family and professional care and support in the event of illness or disability, to help for self-help, among friends, neighbors and acquaintances, to care for the elderly, care for the dying and care for the grave&#8221;. (<a href=\"https:\/\/equalcareday.de\/haeufigste-fragen\/\" target=\"_blank\" rel=\"noopener\">Almut Schnerring &amp; Sascha Verlan at equalcareday.de<\/a>). Following the scientific care debates, we understand care work as synonymous with the term care work as a generic term for all paid and unpaid work that occurs in the household and in the care and nursing of other people. A distinction can be made between direct and supportive care work: Direct care work is that WITH AND AT other people. Supportive care work is done FOR other people. According to care economist Mascha Mand\u00f6rin (et al.), care work is &#8220;life-sustaining, vital activities without which societies would not be able to exist and economic growth would be impossible.&#8221; (ibid. 2006: 283).\t\t\t\t\t\t\t\t<\/div>\n\t\t\t\t<div class=\"elementor-element elementor-element-fe0692f elementor-widget elementor-widget-heading\" data-id=\"fe0692f\" data-element_type=\"widget\" data-widget_type=\"heading.default\">\n\t\t\t\t\t<h2 class=\"elementor-heading-title elementor-size-default\">How to compare work load including work at a job and care work?<\/h2>\t\t\t\t<\/div>\n\t\t\t\t<div class=\"elementor-element elementor-element-51fcbcc elementor-widget elementor-widget-text-editor\" data-id=\"51fcbcc\" data-element_type=\"widget\" data-widget_type=\"text-editor.default\">\n\t\t\t\t\t\t\t\t\t<p>If both parents work a similar number of hours at their jobs, the fair distribution of care work should be about 50:50. If you have a different distribution of paid work time, you can try to calculate a fair distribution of care by adding the number of hours for paid work and the number of hours for care work and dividing the total by two. This is the number of hours each person should contribute. A week of care work is about 98 hours when children do not go to daycare or school. With daycare and\/or school for 8 hours per weekday, there are about 58 hours or correspondingly fewer hours.<\/p><p>Example:<br \/>Person 1 works 40 job hours<br \/>Person 2 works 20 job hours.<br \/>The offspring goes to daycare\/school\/other care for 40 hours per week.<br \/>The total working time (wage+care) in this case is: 20+40+58 = 118 hours.<br \/>This total is divided by two. 118\/2 = 59 hours per person.<\/p><p>To get to 59 hours, person 1 works 40 hours on the job and does 19 hours of care work per week. Person 2 works 20 hours on the job and does 39 hours of care work.<br \/>The percentage difference between the care hours of person 1 and person 2 is the individual care gap. This corresponds to a fair distribution of the care burden that can be recorded in this way. The care gap at the expense of person 2 could then be up to 105%.<\/p><p>This calculation proposal is only an approximation. Keep in mind that this test is not yet able to capture the full extent of invisible work. Use it and such calculations as a conversation starter, not as an objective measure!<\/p>\t\t\t\t\t\t\t\t<\/div>\n\t\t\t\t<div class=\"elementor-element elementor-element-cd9764b elementor-widget elementor-widget-heading\" data-id=\"cd9764b\" data-element_type=\"widget\" data-widget_type=\"heading.default\">\n\t\t\t\t\t<h2 class=\"elementor-heading-title elementor-size-default\">Where did the evaluation of the percentage go?!<\/h2>\t\t\t\t<\/div>\n\t\t\t\t<div class=\"elementor-element elementor-element-5dc5256 elementor-widget elementor-widget-text-editor\" data-id=\"5dc5256\" data-element_type=\"widget\" data-widget_type=\"text-editor.default\">\n\t\t\t\t\t\t\t\t\t<p>Your feedback has made it clear how important the percentage evaluation (<em>This corresponds to xxx percent of all care work<\/em>) is to you to assess your work performance.<\/p><p>At the same time, there were the most comments on this: In the test you can tick whether you are doing something or thinking about something &#8211; regardless of whether you share the task 50\/50 or maybe take on 75%. In the percentage calculation, this task counts fully. If your partner ticks the same tasks, then they count as full in his\/her calculation. So it is possible that a couple has more than 100% work output in total.<\/p><p>Your (and also our!) wish would be to make the answers in the questions more fine-grained, so that e.g. you could tick: I-remember-to-do-it 100%, 75%, 50%, 25%. Of course, there can still be a total of more than 100% if the partners do not agree&#8230;<\/p><p>Unfortunately, we are currently unable to implement this extension of the mental load test because we do not have the capacity to do so. If you would like to support us so that we can continue, we would be happy to receive a donation!<\/p>\t\t\t\t\t\t\t\t<\/div>\n\t\t\t\t<div class=\"elementor-element elementor-element-884f650 center elementor-widget elementor-widget-html\" data-id=\"884f650\" data-element_type=\"widget\" data-widget_type=\"html.default\">\n\t\t\t\t\t<img decoding=\"async\" class=\"aligncenter\" src=\"https:\/\/www.paypalobjects.com\/webstatic\/de_DE\/i\/de-pp-logo-200px.png\" alt=\"PayPal Logo\" border=\"0\" \/>\n<p style=\"text-align: center;\"><!-- Begin PayPal Donations by https:\/\/www.tipsandtricks-hq.com\/paypal-donations-widgets-plugin -->\n\n<form action=\"https:\/\/www.paypal.com\/cgi-bin\/webscr\" method=\"post\" target=\"_blank\">\n    <div class=\"paypal-donations\">\n        <input type=\"hidden\" name=\"cmd\" value=\"_donations\" \/>\n        <input type=\"hidden\" name=\"bn\" value=\"TipsandTricks_SP\" \/>\n        <input type=\"hidden\" name=\"business\" value=\"kasse@klischeesc.de\" \/>\n        <input type=\"hidden\" name=\"rm\" value=\"0\" \/>\n        <input type=\"hidden\" name=\"currency_code\" value=\"EUR\" \/>\n        <input type=\"image\" style=\"cursor: pointer;\" src=\"https:\/\/www.paypalobjects.com\/de_DE\/DE\/i\/btn\/btn_donate_LG.gif\" name=\"submit\" alt=\"PayPal - The safer, easier way to pay online.\" \/>\n    <\/div>\n<\/form>\n<!-- End PayPal Donations -->\n<\/p>\t\t\t\t<\/div>\n\t\t\t\t\t<\/div>\n\t\t<\/div>\n\t\t\t\t\t<\/div>\n\t\t<\/section>\n\t\t\t\t<\/div>\n\t\t","protected":false},"excerpt":{"rendered":"<p>Idea and method Who is responsible for Digital Mental Load Test? Idea and concept: Jo L\u00fccke (joluecke.de) &nbsp; &#038; Initiative Equal Care Day (equalcareday.de) Illustration: Till La\u00dfmann (till-lassmann.de) Digital realisation: Sonja Gro\u00dfewinkelmann (beiSonja.de) Publisher: klische*esc e.V. (klischeesc.de) How does the scoring work? The tasks listed are weighted according to the frequency with which they need&hellip;&nbsp;<a href=\"https:\/\/dmlt.beisonja.de\/?page_id=38&#038;lang=en\" rel=\"bookmark\">Weiterlesen &raquo;<span class=\"screen-reader-text\">Methodology<\/span><\/a><\/p>\n","protected":false},"author":2,"featured_media":0,"parent":0,"menu_order":0,"comment_status":"closed","ping_status":"closed","template":"page-templates\/template-pagebuilder-full-width.php","meta":{"neve_meta_sidebar":"","neve_meta_container":"","neve_meta_enable_content_width":"","neve_meta_content_width":0,"neve_meta_title_alignment":"","neve_meta_author_avatar":"","neve_post_elements_order":"","neve_meta_disable_header":"","neve_meta_disable_footer":"","neve_meta_disable_title":"","footnotes":""},"class_list":["post-38","page","type-page","status-publish","hentry"],"_links":{"self":[{"href":"https:\/\/dmlt.beisonja.de\/index.php?rest_route=\/wp\/v2\/pages\/38","targetHints":{"allow":["GET"]}}],"collection":[{"href":"https:\/\/dmlt.beisonja.de\/index.php?rest_route=\/wp\/v2\/pages"}],"about":[{"href":"https:\/\/dmlt.beisonja.de\/index.php?rest_route=\/wp\/v2\/types\/page"}],"author":[{"embeddable":true,"href":"https:\/\/dmlt.beisonja.de\/index.php?rest_route=\/wp\/v2\/users\/2"}],"replies":[{"embeddable":true,"href":"https:\/\/dmlt.beisonja.de\/index.php?rest_route=%2Fwp%2Fv2%2Fcomments&post=38"}],"version-history":[{"count":46,"href":"https:\/\/dmlt.beisonja.de\/index.php?rest_route=\/wp\/v2\/pages\/38\/revisions"}],"predecessor-version":[{"id":847,"href":"https:\/\/dmlt.beisonja.de\/index.php?rest_route=\/wp\/v2\/pages\/38\/revisions\/847"}],"wp:attachment":[{"href":"https:\/\/dmlt.beisonja.de\/index.php?rest_route=%2Fwp%2Fv2%2Fmedia&parent=38"}],"curies":[{"name":"wp","href":"https:\/\/api.w.org\/{rel}","templated":true}]}}